- 1?
220
In base 2, what is 0 - -10000000101?
10000000101
In base 12, what is -5378 - 3?
-537b
In base 4, what is 1110 - 10?
1100
In base 7, what is -23 - 336?
-362
In base 7, what is 46211 - 1?
46210
In base 11, what is -23 + -a6?
-119
In base 16, what is -373 + -16?
-389
In base 11, what is 0 + 38?
38
In base 12, what is -1 - -ba3?
ba2
In base 8, what is -5 - 557?
-564
In base 5, what is 0 + -13223?
-13223
In base 11, what is 5 + -10?
-6
In base 7, what is -13 + 6?
-4
In base 8, what is -160 - -15?
-143
In base 13, what is 5 + c?
14
In base 4, what is 1110112 + 11?
1110123
In base 14, what is -4 - -2077?
2073
In base 2, what is -1 - -1101?
1100
In base 7, what is -4 + 22464?
22460
In base 11, what is 3 - -26?
29
In base 9, what is 7 + -737?
-730
In base 7, what is -64 + 1?
-63
In base 11, what is 942 + 5?
947
In base 2, what is 1111000000 + 0?
1111000000
In base 12, what is -11a + 3?
-117
In base 11, what is a34 - -1?
a35
In base 11, what is -3 + 63?
60
In base 6, what is 41 - -5?
50
In base 9, what is -3 + 3670?
3666
In base 3, what is -112010 + 101?
-111202
In base 15, what is 6 + -27?
-21
In base 2, what is 10011110011111 + -100?
10011110011011
In base 12, what is 20a1 - -3?
20a4
In base 4, what is -11 - -112?
101
In base 13, what is -52 + 11?
-41
In base 2, what is 1000 + -10010?
-1010
In base 13, what is -4 - -681?
67a
In base 7, what is -2 + 266?
264
In base 6, what is 2 - -2?
4
In base 16, what is -3 + c?
9
In base 15, what is -457 - 2?
-459
In base 5, what is 1 - -21210?
21211
In base 3, what is 21 - -10010?
10101
In base 11, what is -70 - 13?
-83
In base 2, what is 101110 - 1100?
100010
In base 3, what is 11 - 2?
2
In base 7, what is -1164 - 4?
-1201
In base 13, what is 2 + 1084?
1086
In base 12, what is -7 + 3b7?
3b0
In base 14, what is 1061 - 0?
1061
In base 6, what is -141 - 1?
-142
In base 6, what is 155 + 22?
221
In base 12, what is -25 - -1?
-24
In base 10, what is -4 - -3510?
3506
In base 7, what is 345 + 16?
364
In base 3, what is -10 + -1012?
-1022
In base 3, what is -10 + -12201020?
-12201100
In base 5, what is -122 + -211?
-333
In base 2, what is -11011 - -1000?
-10011
In base 4, what is -1 + -3031?
-3032
In base 4, what is -1 + 20?
13
In base 15, what is -2d8 - 4?
-2dc
In base 3, what is 12 + 122220?
200002
In base 2, what is 10000010110 + 100?
10000011010
In base 9, what is 5 + 0?
5
In base 3, what is 1 + 2120?
2121
In base 16, what is 0 + -7d?
-7d
In base 2, what is -110010 + 101110010?
101000000
In base 8, what is -1 - -65?
64
In base 11, what is 2 - 45?
-43
In base 10, what is -10 - -40?
30
In base 9, what is 2 - 85?
-83
In base 3, what is 1111020212 - 10?
1111020202
In base 2, what is 10101 + -110001?
-11100
In base 14, what is -15d - 7?
-166
In base 9, what is 7 - 21?
-13
In base 12, what is -52 - -28?
-26
In base 6, what is -10 + 5?
-1
In base 11, what is 88 - 5?
83
In base 4, what is 1311 + 0?
1311
In base 8, what is 1 + -1260?
-1257
In base 7, what is 0 - -101?
101
In base 9, what is 5 - 2145?
-2140
In base 15, what is -9c + 0?
-9c
In base 14, what is 1c - -4?
22
In base 6, what is 352322 - -4?
352330
In base 10, what is 1 - 78?
-77
In base 13, what is 19 - 7?
12
In base 6, what is -1 - -335?
334
In base 13, what is -3 + -400?
-403
In base 14, what is 1 - 290?
-28d
In base 5, what is 1011 + 24?
1040
In base 10, what is -164 - -6?
-158
In base 4, what is 32 - -31001?
31033
In base 10, what is -856 + 14?
-842
In base 16, what is -16 + 5?
-11
In base 15, what is 36 - -30?
66
In base 7, what is -141 + -1?
-142
In base 3, what is 2 + -212?
-210
In base 10, what is 4 - -118?
122
In base 4, what is -2 - -310203?
310201
In base 8, what is -7 - -250?
241
In base 11, what is 10 + 205?
215
In base 16, what is 102 - 4?
fe
In base 10, what is -84 - -3?
-81
In base 4, what is -2 + 112200?
112132
In base 2, what is -11 - 1101110?
-1110001
In base 12, what is 2 + a70?
a72
In base 6, what is -55020 - -2?
-55014
In base 2, what is 0 + -1101000?
-1101000
In base 3, what is 2 - 2221122?
-2221120
In base 10, what is 0 - -69?
69
In base 14, what is 2 - 47?
-45
In base 15, what is -43 + 5?
-3d
In base 14, what is -1 + -bd?
-c0
In base 11, what is 190 + 23?
203
In base 12, what is 5 - 3a?
-35
In base 3, what is 2100 + 221?
10021
In base 12, what is -21 + 23?
2
In base 11, what is 5 + 1296?
12a0
In base 11, what is -6a + 4?
-66
In base 4, what is 100 + 330?
1030
In base 5, what is 423340 + 4?
423344
In base 6, what is -4132 + -3?
-4135
In base 15, what is -5 - 28b2?
-28b7
In base 4, what is -10 - -13002?
12332
In base 11, what is 429 - -11?
43a
In base 12, what is 0 + 227?
227
In base 11, what is 18 + -17?
1
In base 15, what is -12 - 97?
-a9
In base 2, what is 11110110011011 + 0?
11110110011011
In base 9, what is -4 + 4?
0
In base 12, what is 3 + 0?
3
In base 8, what is 15 + 356?
373
In base 7, what is -25506 - 3?
-25512
In base 14, what is -200 + -5?
-205
In base 9, what is 18 - -22?
41
In base 8, what is -26 - 5?
-33
In base 4, what is 10 + -31?
-21
In base 5, what is 2033303 + 3?
2033311
In base 10, what is 1 - -29?
30
In base 16, what is -1937 - -1?
-1936
In base 8, what is -1244 - -3?
-1241
In base 14, what is -2 - -4d?
4b
In base 15, what is 3 + -18?
-15
In base 6, what is 140 - -230?
410
In base 2, what is -101 - -11111101?
11111000
In base 14, what is -12 - -48?
36
In base 6, what is 5 - 54?
-45
In base 14, what is 83 + 4?
87
In base 8, what is 43 - -76?
141
In base 3, what is 2 - 1110?
-1101
In base 15, what is -3 - -29?
26
In base 11, what is -215 + -27?
-241
In base 5, what is -3 + -312?
-320
In base 16, what is 3 - f?
-c
In base 10, what is -4 - -683?
679
In base 5, what is 1214 - -222?
1441
In base 10, what is -123 + 22?
-101
In base 9, what is -3 + -55?
-58
In base 10, what is 1 + 1501?
1502
In base 3, what is -1 - -121012?
121011
In base 7, what is 2532 - -4?
2536
In base 10, what is -4 - 176?
-180
In base 4, what is -2311 + 1?
-2310
In base 7, what is 41 - 25?
13
In base 15, what is 3 - -2b?
2e
In base 6, what is -203 - -4?
-155
In base 9, what is 1 - -402?
403
In base 2, what is 10 - -1100011001?
1100011011
In base 13, what is 3 + -482?
-47c
In base 15, what is -34 + 6?
-2d
In base 13, what is 956 - -5?
95b
In base 16, what is -1f - 10?
-2f
In base 7, what is 2 - 206?
-204
In base 3, what is 11012 - 21?
10221
In base 8, what is 457 + 2?
461
In base 10, what is -20 + -6?
-26
In base 9, what is -2271 + 3?
-2267
In base 14, what is 3 - -23d?
242
In base 12, what is 168 - 5?
163
In base 8, what is -56 + -4?
-62
In base 3, what is -11000 + 21?
-10202
In base 12, what is 1 + 27?
28
In base 6, what is 315 - -4?
323
In base 12, what is 4 - -a5?
a9
In base 7, what is 4 - -10231?
10235
In base 2, what is 100001 + 1101?
101110
In base 9, what is -37 - -4?
-33
In base 16, what is -5 + 1cc?
1c7
In base 9, what is -140 + -41?
-181
In base 13, what is -493 - 1?
-494
In base 16, what is -4c + 18?
-34
In base 4, what is 10 - 121232?
-121222
In base 3, what is 0 + 1120011?
1120011
In base 11, what is -4 + -47?
-50
In base 8, what is -3 + -544?
-547
In base 8, what is -22 + -57?
-101
In base 5, what is -2 - 1422?
-1424
In base 4, what is -21 + 101?
20
In base 2, what is 110001110 - 1010?
110000100
In base 13, what is 13c - 42?
ca
In base 8, what is 1116 + 3?
1121
In base 4, what is 33 + 13?
112
In base 13, what is 2 + 3b?
40
In base 8, what is -2 + -21?
-23
In base 8, what is 1 + -22?
-21
In base 15, what is 157 + -4?
153
In base 13, what is -10 + -2?
-12
In base 16, what is -2 - 48d?
-48f
In base 14, what is -9449 - -1?
-9448
In base 2, what is 1011 - -111001?
1000100
In base 2, what is 0 + 1111011?
1111011
In base 14, what is -256 + -2?
-258
In base 14, what is 5 + -518?
-513
In base 12, what is 1 + 1a?
1b
In base 10, what is 225 + 9?
234
In base 11, what is -1918 - 1?
-1919
In base 12, what is -17 + 3?
-14
In base 15, what is 1 + -7?
-6
In base 15, what is -3 - -82?
7e
In base 10, what is -3 + 1516?
1513
In base 13, what is 1c41 - -2?
1c43
In base 10, what is 1444 - 1?
1443
In base 8, what is 1 + -47?
-46
In base 3, what is -121 - -1122101?
1121210
In base 7, what is -11 + -43?
-54
In base 3, what is 12 - 2011?
-1222
In base 11, what is -4 + 0?
-4
In base 16, what is 69 - -37?
a0
In base 14, what is 0 - 18?
-18
In base 8, what is 